{"id":3233,"date":"2021-11-22T09:23:57","date_gmt":"2021-11-22T09:23:57","guid":{"rendered":"https:\/\/iissbojano.edu.it\/site\/?page_id=3233"},"modified":"2024-03-14T15:39:22","modified_gmt":"2024-03-14T15:39:22","slug":"organigramma","status":"publish","type":"page","link":"https:\/\/www.iissbojano.edu.it\/site\/scuola\/organizzazione\/organigramma\/","title":{"rendered":"Organigramma"},"content":{"rendered":"\t\t<div data-elementor-type=\"wp-page\" data-elementor-id=\"3233\" class=\"elementor elementor-3233\" data-elementor-post-type=\"page\">\n\t\t\t\t\t\t<section class=\"has_eae_slider elementor-section elementor-top-section elementor-element elementor-element-1edc14c elementor-section-boxed elementor-section-height-default elementor-section-height-default\" data-eae-slider=\"51619\" data-id=\"1edc14c\" data-element_type=\"section\" data-settings=\"{&quot;background_background&quot;:&quot;classic&quot;}\">\n\t\t\t\t\t\t<div class=\"elementor-container elementor-column-gap-default\">\n\t\t\t\t\t<div class=\"has_eae_slider elementor-column elementor-col-100 elementor-top-column elementor-element elementor-element-91eb491\" data-eae-slider=\"8489\" data-id=\"91eb491\" data-element_type=\"column\">\n\t\t\t<div class=\"elementor-widget-wrap elementor-element-populated\">\n\t\t\t\t\t\t<div class=\"elementor-element elementor-element-66e6414 elementor-widget elementor-widget-html\" data-id=\"66e6414\" data-element_type=\"widget\" data-widget_type=\"html.default\">\n\t\t\t\t<div class=\"elementor-widget-container\">\n\t\t\t\t\t<ul class=\"breadcrumb\" data-element=\"breadcrumb\">\n  <li><a href=\"https:\/\/www.iissbojano.edu.it\/site\/\">Home<\/a><\/li>\n       <li><a href=\"https:\/\/www.iissbojano.edu.it\/site\/scuola\">Scuola<\/a><\/li>\n        <li><a href=\"https:\/\/www.iissbojano.edu.it\/site\/scuola\/organizzazione\">Organizzazione<\/a><\/li>\n  <li>Organigramma<\/li>\n<\/ul>\n\n<style>\n    ul.breadcrumb {\n  list-style: none;\n  vertical-align: center !important;\n}\n\n\/* Display list items side by side *\/\nul.breadcrumb li {\n  display: inline;\n  font-family: \"Titillium Web\", Sans-serif;\nfont-size: 16px;\nline-height: 1.5;\nfont-weight: 400;\ncolor: #656566;\nvertical-align: center !important;\n}\n\n\/* Add a slash symbol (\/) before\/behind each list item *\/\nul.breadcrumb li+li:before {\n  padding: 5px;\n  color: #455B71;\n  content: \"\/\\00a0\";\n}\n\n\/* Add a color to all links inside the list *\/\nul.breadcrumb li a {\n  font-family: \"Titillium Web\", Sans-serif;\nfont-size:  16px;\n  color: #455B71;\n  font-weight: 600;\n  line-height: 1.5;\n  vertical-align: center !important;\n\n}\n\n\/* Add a color on mouse-over *\/\nul.breadcrumb li a:hover {\n  color: #004080;\n  text-decoration: underline;\n  vertical-align: center !important;\n\n}\n<\/style>\t\t\t\t<\/div>\n\t\t\t\t<\/div>\n\t\t\t\t\t<\/div>\n\t\t<\/div>\n\t\t\t\t\t<\/div>\n\t\t<\/section>\n\t\t\t\t<section class=\"has_eae_slider elementor-section elementor-top-section elementor-element elementor-element-b6ce7c1 elementor-section-boxed elementor-section-height-default elementor-section-height-default\" data-eae-slider=\"48164\" data-id=\"b6ce7c1\" data-element_type=\"section\" data-settings=\"{&quot;background_background&quot;:&quot;classic&quot;}\">\n\t\t\t\t\t\t<div class=\"elementor-container elementor-column-gap-default\">\n\t\t\t\t\t<div class=\"has_eae_slider elementor-column elementor-col-33 elementor-top-column elementor-element elementor-element-fdfd175\" data-eae-slider=\"79361\" data-id=\"fdfd175\" data-element_type=\"column\">\n\t\t\t<div class=\"elementor-widget-wrap elementor-element-populated\">\n\t\t\t\t\t\t<div class=\"elementor-element elementor-element-5550e0d elementor-widget elementor-widget-spacer\" data-id=\"5550e0d\" data-element_type=\"widget\" data-widget_type=\"spacer.default\">\n\t\t\t\t<div class=\"elementor-widget-container\">\n\t\t\t\t\t\t\t<div class=\"elementor-spacer\">\n\t\t\t<div class=\"elementor-spacer-inner\"><\/div>\n\t\t<\/div>\n\t\t\t\t\t\t<\/div>\n\t\t\t\t<\/div>\n\t\t\t\t<div class=\"elementor-element elementor-element-b454ad9 elementor-widget elementor-widget-image\" data-id=\"b454ad9\" data-element_type=\"widget\" data-widget_type=\"image.default\">\n\t\t\t\t<div class=\"elementor-widget-container\">\n\t\t\t\t\t\t\t\t\t\t\t\t\t\t\t\t<a href=\"https:\/\/www.iissbojano.edu.it\/site\/wp-content\/uploads\/2024\/02\/organigramma-22-23.webp\" data-elementor-open-lightbox=\"yes\" data-elementor-lightbox-title=\"organigramma-22-23.webp\" data-e-action-hash=\"#elementor-action%3Aaction%3Dlightbox%26settings%3DeyJpZCI6MjE1NTQsInVybCI6Imh0dHBzOlwvXC93d3cuaWlzc2JvamFuby5lZHUuaXRcL3NpdGVcL3dwLWNvbnRlbnRcL3VwbG9hZHNcLzIwMjRcLzAyXC9vcmdhbmlncmFtbWEtMjItMjMud2VicCJ9\">\n\t\t\t\t\t\t\t<img fetchpriority=\"high\" decoding=\"async\" width=\"776\" height=\"759\" src=\"https:\/\/www.iissbojano.edu.it\/site\/wp-content\/uploads\/2024\/02\/organigramma-22-23.webp\" class=\"attachment-full size-full wp-image-21554\" alt=\"\" srcset=\"https:\/\/www.iissbojano.edu.it\/site\/wp-content\/uploads\/2024\/02\/organigramma-22-23.webp 776w, https:\/\/www.iissbojano.edu.it\/site\/wp-content\/uploads\/2024\/02\/organigramma-22-23-300x293.webp 300w, https:\/\/www.iissbojano.edu.it\/site\/wp-content\/uploads\/2024\/02\/organigramma-22-23-768x751.webp 768w\" sizes=\"(max-width: 776px) 100vw, 776px\" \/>\t\t\t\t\t\t\t\t<\/a>\n\t\t\t\t\t\t\t\t\t\t\t\t\t\t\t<\/div>\n\t\t\t\t<\/div>\n\t\t\t\t<div class=\"elementor-element elementor-element-b5f2fd6 elementor-widget elementor-widget-spacer\" data-id=\"b5f2fd6\" data-element_type=\"widget\" data-widget_type=\"spacer.default\">\n\t\t\t\t<div class=\"elementor-widget-container\">\n\t\t\t\t\t\t\t<div class=\"elementor-spacer\">\n\t\t\t<div class=\"elementor-spacer-inner\"><\/div>\n\t\t<\/div>\n\t\t\t\t\t\t<\/div>\n\t\t\t\t<\/div>\n\t\t\t\t\t<\/div>\n\t\t<\/div>\n\t\t\t\t<div class=\"has_eae_slider elementor-column elementor-col-66 elementor-top-column elementor-element elementor-element-cb842bf\" data-eae-slider=\"32262\" data-id=\"cb842bf\" data-element_type=\"column\">\n\t\t\t<div class=\"elementor-widget-wrap elementor-element-populated\">\n\t\t\t\t\t\t<div class=\"elementor-element elementor-element-c6984c5 elementor-widget elementor-widget-theme-post-title elementor-page-title elementor-widget-heading\" data-id=\"c6984c5\" data-element_type=\"widget\" data-widget_type=\"theme-post-title.default\">\n\t\t\t\t<div class=\"elementor-widget-container\">\n\t\t\t\t\t<h1 class=\"elementor-heading-title elementor-size-default\">Organigramma<\/h1>\t\t\t\t<\/div>\n\t\t\t\t<\/div>\n\t\t\t\t<div class=\"elementor-element elementor-element-f180239 elementor-widget elementor-widget-heading\" data-id=\"f180239\" data-element_type=\"widget\" data-widget_type=\"heading.default\">\n\t\t\t\t<div class=\"elementor-widget-container\">\n\t\t\t\t\t<h2 class=\"elementor-heading-title elementor-size-default\">Organigramma a.s.2023\/2024<\/h2>\t\t\t\t<\/div>\n\t\t\t\t<\/div>\n\t\t\t\t\t<\/div>\n\t\t<\/div>\n\t\t\t\t\t<\/div>\n\t\t<\/section>\n\t\t\t\t<section class=\"has_eae_slider elementor-section elementor-top-section elementor-element elementor-element-e7ad487 elementor-section-boxed elementor-section-height-default elementor-section-height-default\" data-eae-slider=\"41691\" data-id=\"e7ad487\" data-element_type=\"section\">\n\t\t\t\t\t\t<div class=\"elementor-container elementor-column-gap-default\">\n\t\t\t\t\t<div class=\"has_eae_slider elementor-column elementor-col-33 elementor-top-column elementor-element elementor-element-6dfcde6\" data-eae-slider=\"59656\" data-id=\"6dfcde6\" data-element_type=\"column\" id=\"colonna\">\n\t\t\t<div class=\"elementor-widget-wrap elementor-element-populated\">\n\t\t\t\t\t\t<div class=\"elementor-element elementor-element-5111fc1 elementor-widget elementor-widget-eael-adv-accordion\" data-id=\"5111fc1\" data-element_type=\"widget\" data-settings=\"{&quot;sticky&quot;:&quot;top&quot;,&quot;sticky_on&quot;:[&quot;desktop&quot;],&quot;sticky_offset&quot;:100,&quot;sticky_parent&quot;:&quot;yes&quot;,&quot;sticky_effects_offset&quot;:0,&quot;sticky_anchor_link_offset&quot;:0}\" data-widget_type=\"eael-adv-accordion.default\">\n\t\t\t\t<div class=\"elementor-widget-container\">\n\t\t\t\t\t        <div class=\"eael-adv-accordion\" id=\"eael-adv-accordion-5111fc1\" data-scroll-on-click=\"no\" data-scroll-speed=\"300\" data-accordion-id=\"5111fc1\" data-accordion-type=\"accordion\" data-toogle-speed=\"300\">\n    <div class=\"eael-accordion-list\">\n                <div id=\"indice-della-pagina\" class=\"elementor-tab-title eael-accordion-header\" tabindex=\"0\" data-tab=\"1\" aria-controls=\"elementor-tab-content-8501\"><span class=\"eael-advanced-accordion-icon-closed\"><\/span><span class=\"eael-advanced-accordion-icon-opened\"><\/span><span class=\"eael-accordion-tab-title\">Indice della pagina<\/span><i aria-hidden=\"true\" class=\"fa-toggle fas fa-angle-down\"><\/i><\/div><div id=\"elementor-tab-content-8501\" class=\"eael-accordion-content clearfix\" data-tab=\"1\" aria-labelledby=\"indice-della-pagina\"><p><a style=\"color: #d1344c;\" href=\"#descrizione\">Descrizione<\/a><\/p><p><a style=\"color: #d1344c;\" href=\"#cosafa\">Cosa fa<\/a><\/p><p><a style=\"color: #d1344c;\" href=\"#documenti\">Documenti<\/a><\/p><p><a style=\"color: #d1344c;\" href=\"#contatti\">Contatti<\/a><\/p><\/div>\n                <\/div><\/div>\t\t\t\t<\/div>\n\t\t\t\t<\/div>\n\t\t\t\t\t<\/div>\n\t\t<\/div>\n\t\t\t\t<div class=\"has_eae_slider elementor-column elementor-col-66 elementor-top-column elementor-element elementor-element-d337452\" data-eae-slider=\"97762\" data-id=\"d337452\" data-element_type=\"column\">\n\t\t\t<div class=\"elementor-widget-wrap elementor-element-populated\">\n\t\t\t\t\t\t<div class=\"elementor-element elementor-element-915db87 elementor-widget elementor-widget-spacer\" data-id=\"915db87\" data-element_type=\"widget\" data-widget_type=\"spacer.default\">\n\t\t\t\t<div class=\"elementor-widget-container\">\n\t\t\t\t\t\t\t<div class=\"elementor-spacer\">\n\t\t\t<div class=\"elementor-spacer-inner\"><\/div>\n\t\t<\/div>\n\t\t\t\t\t\t<\/div>\n\t\t\t\t<\/div>\n\t\t\t\t<div class=\"elementor-element elementor-element-2b5c467 elementor-widget elementor-widget-heading\" data-id=\"2b5c467\" data-element_type=\"widget\" id=\"descrizione\" data-widget_type=\"heading.default\">\n\t\t\t\t<div class=\"elementor-widget-container\">\n\t\t\t\t\t<h2 class=\"elementor-heading-title elementor-size-default\">Descrizione<\/h2>\t\t\t\t<\/div>\n\t\t\t\t<\/div>\n\t\t\t\t<div class=\"elementor-element elementor-element-5cd974a elementor-widget elementor-widget-text-editor\" data-id=\"5cd974a\" data-element_type=\"widget\" data-widget_type=\"text-editor.default\">\n\t\t\t\t<div class=\"elementor-widget-container\">\n\t\t\t\t\t\t\t\t\t<p>L&#8217;organigramma consente di descrivere l&#8217;organizzazione complessa dell&#8217;Istituzione Scolastica, dove i soggetti e gli organismi operano in modo collaborativo e condiviso pur ricoprendo differenti ruoli e livelli di responsabilit\u00e0 gestionale con l&#8217;unica finalit\u00e0 di garantire un servizio scolastico di qualit\u00e0.<\/p>\t\t\t\t\t\t\t\t<\/div>\n\t\t\t\t<\/div>\n\t\t\t\t<div class=\"elementor-element elementor-element-6d7854a elementor-widget elementor-widget-spacer\" data-id=\"6d7854a\" data-element_type=\"widget\" data-widget_type=\"spacer.default\">\n\t\t\t\t<div class=\"elementor-widget-container\">\n\t\t\t\t\t\t\t<div class=\"elementor-spacer\">\n\t\t\t<div class=\"elementor-spacer-inner\"><\/div>\n\t\t<\/div>\n\t\t\t\t\t\t<\/div>\n\t\t\t\t<\/div>\n\t\t\t\t<div class=\"elementor-element elementor-element-a09b465 elementor-widget elementor-widget-heading\" data-id=\"a09b465\" data-element_type=\"widget\" id=\"cosafa\" data-widget_type=\"heading.default\">\n\t\t\t\t<div class=\"elementor-widget-container\">\n\t\t\t\t\t<h2 class=\"elementor-heading-title elementor-size-default\">Cosa fa <\/h2>\t\t\t\t<\/div>\n\t\t\t\t<\/div>\n\t\t\t\t<div class=\"elementor-element elementor-element-c6e1d8a elementor-widget elementor-widget-text-editor\" data-id=\"c6e1d8a\" data-element_type=\"widget\" data-widget_type=\"text-editor.default\">\n\t\t\t\t<div class=\"elementor-widget-container\">\n\t\t\t\t\t\t\t\t\t<p>L&#8217;organigramma d\u00e0 una rappresentazione grafica della struttura organizzativa, finalizzata a evidenziare la dimensione verticale dell&#8217;istituzione, identificando anche ruoli di sovra- e sub-ordinazione.<\/p>\t\t\t\t\t\t\t\t<\/div>\n\t\t\t\t<\/div>\n\t\t\t\t<div class=\"elementor-element elementor-element-5439db5 elementor-widget elementor-widget-spacer\" data-id=\"5439db5\" data-element_type=\"widget\" data-widget_type=\"spacer.default\">\n\t\t\t\t<div class=\"elementor-widget-container\">\n\t\t\t\t\t\t\t<div class=\"elementor-spacer\">\n\t\t\t<div class=\"elementor-spacer-inner\"><\/div>\n\t\t<\/div>\n\t\t\t\t\t\t<\/div>\n\t\t\t\t<\/div>\n\t\t\t\t<div class=\"elementor-element elementor-element-db67477 elementor-widget elementor-widget-heading\" data-id=\"db67477\" data-element_type=\"widget\" id=\"documenti\" data-widget_type=\"heading.default\">\n\t\t\t\t<div class=\"elementor-widget-container\">\n\t\t\t\t\t<h2 class=\"elementor-heading-title elementor-size-default\">Documenti<\/h2>\t\t\t\t<\/div>\n\t\t\t\t<\/div>\n\t\t\t\t<section class=\"has_eae_slider elementor-section elementor-inner-section elementor-element elementor-element-33e4014 elementor-section-full_width elementor-section-height-default elementor-section-height-default\" data-eae-slider=\"69898\" data-id=\"33e4014\" data-element_type=\"section\">\n\t\t\t\t\t\t<div class=\"elementor-container elementor-column-gap-default\">\n\t\t\t\t\t<div class=\"has_eae_slider elementor-column elementor-col-33 elementor-inner-column elementor-element elementor-element-25735eb\" data-eae-slider=\"18156\" data-id=\"25735eb\" data-element_type=\"column\">\n\t\t\t<div class=\"elementor-widget-wrap elementor-element-populated\">\n\t\t\t\t\t\t<div class=\"elementor-element elementor-element-94b0f59 elementor-position-left elementor-view-default elementor-mobile-position-top elementor-widget elementor-widget-icon-box\" data-id=\"94b0f59\" data-element_type=\"widget\" data-widget_type=\"icon-box.default\">\n\t\t\t\t<div class=\"elementor-widget-container\">\n\t\t\t\t\t\t\t<div class=\"elementor-icon-box-wrapper\">\n\n\t\t\t\t\t\t<div class=\"elementor-icon-box-icon\">\n\t\t\t\t<a href=\"https:\/\/www.iissbojano.edu.it\/site\/wp-content\/uploads\/2024\/01\/Definitivo-Organigramma-22-23.pdf\" target=\"_blank\" class=\"elementor-icon\" tabindex=\"-1\" aria-label=\"Organigramma a.s.2023\/24\">\n\t\t\t\t<i aria-hidden=\"true\" class=\"far fa-file-pdf\"><\/i>\t\t\t\t<\/a>\n\t\t\t<\/div>\n\t\t\t\n\t\t\t\t\t\t<div class=\"elementor-icon-box-content\">\n\n\t\t\t\t\t\t\t\t\t<h3 class=\"elementor-icon-box-title\">\n\t\t\t\t\t\t<a href=\"https:\/\/www.iissbojano.edu.it\/site\/wp-content\/uploads\/2024\/01\/Definitivo-Organigramma-22-23.pdf\" target=\"_blank\" >\n\t\t\t\t\t\t\tOrganigramma a.s.2023\/24\t\t\t\t\t\t<\/a>\n\t\t\t\t\t<\/h3>\n\t\t\t\t\n\t\t\t\t\n\t\t\t<\/div>\n\t\t\t\n\t\t<\/div>\n\t\t\t\t\t\t<\/div>\n\t\t\t\t<\/div>\n\t\t\t\t\t<\/div>\n\t\t<\/div>\n\t\t\t\t<div class=\"has_eae_slider elementor-column elementor-col-33 elementor-inner-column elementor-element elementor-element-fa9222f\" data-eae-slider=\"19032\" data-id=\"fa9222f\" data-element_type=\"column\">\n\t\t\t<div class=\"elementor-widget-wrap\">\n\t\t\t\t\t\t\t<\/div>\n\t\t<\/div>\n\t\t\t\t<div class=\"has_eae_slider elementor-column elementor-col-33 elementor-inner-column elementor-element elementor-element-960c44b\" data-eae-slider=\"56573\" data-id=\"960c44b\" data-element_type=\"column\">\n\t\t\t<div class=\"elementor-widget-wrap\">\n\t\t\t\t\t\t\t<\/div>\n\t\t<\/div>\n\t\t\t\t\t<\/div>\n\t\t<\/section>\n\t\t\t\t<div class=\"elementor-element elementor-element-1420528 elementor-widget elementor-widget-spacer\" data-id=\"1420528\" data-element_type=\"widget\" data-widget_type=\"spacer.default\">\n\t\t\t\t<div class=\"elementor-widget-container\">\n\t\t\t\t\t\t\t<div class=\"elementor-spacer\">\n\t\t\t<div class=\"elementor-spacer-inner\"><\/div>\n\t\t<\/div>\n\t\t\t\t\t\t<\/div>\n\t\t\t\t<\/div>\n\t\t\t\t<div class=\"elementor-element elementor-element-daf14f2 elementor-widget elementor-widget-heading\" data-id=\"daf14f2\" data-element_type=\"widget\" id=\"contatti\" data-widget_type=\"heading.default\">\n\t\t\t\t<div class=\"elementor-widget-container\">\n\t\t\t\t\t<h2 class=\"elementor-heading-title elementor-size-default\">Contatti<\/h2>\t\t\t\t<\/div>\n\t\t\t\t<\/div>\n\t\t\t\t<div class=\"elementor-element elementor-element-876f880 elementor-widget elementor-widget-text-editor\" data-id=\"876f880\" data-element_type=\"widget\" data-widget_type=\"text-editor.default\">\n\t\t\t\t<div class=\"elementor-widget-container\">\n\t\t\t\t\t\t\t\t\t<p><strong>E-mail<\/strong>: cbis007006@istruzione.it<\/p><p><strong>PEC:<\/strong> cbis007006@pec.istruzione.it<\/p><p><strong>Telefono<\/strong>: 0874 782025<\/p>\t\t\t\t\t\t\t\t<\/div>\n\t\t\t\t<\/div>\n\t\t\t\t\t<\/div>\n\t\t<\/div>\n\t\t\t\t\t<\/div>\n\t\t<\/section>\n\t\t\t\t<\/div>\n\t\t","protected":false},"excerpt":{"rendered":"<p>Home Scuola Organizzazione Organigramma a.s.2023\/2024 Indice della pagina Descrizione Cosa fa Documenti Contatti Descrizione L&#8217;organigramma consente di descrivere l&#8217;organizzazione complessa dell&#8217;Istituzione Scolastica, dove i soggetti e gli organismi operano in modo collaborativo e condiviso pur ricoprendo differenti ruoli e livelli di responsabilit\u00e0 gestionale con l&#8217;unica finalit\u00e0 di garantire un servizio scolastico di qualit\u00e0. Cosa fa [&hellip;]<\/p>\n","protected":false},"author":1,"featured_media":0,"parent":19038,"menu_order":0,"comment_status":"closed","ping_status":"closed","template":"elementor_header_footer","meta":{"footnotes":""},"class_list":["post-3233","page","type-page","status-publish","hentry"],"_links":{"self":[{"href":"https:\/\/www.iissbojano.edu.it\/site\/wp-json\/wp\/v2\/pages\/3233","targetHints":{"allow":["GET"]}}],"collection":[{"href":"https:\/\/www.iissbojano.edu.it\/site\/wp-json\/wp\/v2\/pages"}],"about":[{"href":"https:\/\/www.iissbojano.edu.it\/site\/wp-json\/wp\/v2\/types\/page"}],"author":[{"embeddable":true,"href":"https:\/\/www.iissbojano.edu.it\/site\/wp-json\/wp\/v2\/users\/1"}],"replies":[{"embeddable":true,"href":"https:\/\/www.iissbojano.edu.it\/site\/wp-json\/wp\/v2\/comments?post=3233"}],"version-history":[{"count":246,"href":"https:\/\/www.iissbojano.edu.it\/site\/wp-json\/wp\/v2\/pages\/3233\/revisions"}],"predecessor-version":[{"id":24358,"href":"https:\/\/www.iissbojano.edu.it\/site\/wp-json\/wp\/v2\/pages\/3233\/revisions\/24358"}],"up":[{"embeddable":true,"href":"https:\/\/www.iissbojano.edu.it\/site\/wp-json\/wp\/v2\/pages\/19038"}],"wp:attachment":[{"href":"https:\/\/www.iissbojano.edu.it\/site\/wp-json\/wp\/v2\/media?parent=3233"}],"curies":[{"name":"wp","href":"https:\/\/api.w.org\/{rel}","templated":true}]}}